ative of t(i). What is the units digit of p(3)?
7
Let r be (-2)/(-3) + 32/(-12). Let b be (r + (-3)/(-2))*-4. What is the units digit of b + -1*(-1)/1?
3
Let w = 1821 + -390. What is the hundreds digit of w?
4
Suppose t + 62 = 3*w - 91, -3*t + 4*w = 454. Let r be (-86)/(-30) - 20/t. Suppose 2*j = -r*l + 227, -5*l + 249 = 5*j - 126. What is the tens digit of l?
7
Let k(c) = 263*c - 226. What is the thousands digit of k(7)?
1
Let g = -500 + 518. What is the units digit of g?
8
Let n(w) = 4*w**2 - 1. Let m be n(-1). Suppose 0 = -3*u + 2*i + 29 + 138, 162 = m*u + 3*i. What is the tens digit of u?
5
What is the tens digit of 0 + -1 + 0 - (-25650)/95?
6
Let a(d) = -16*d - 39. Let r(x) = -15*x - 38. Let y(i) = 3*a(i) - 4*r(i). What is the tens digit of y(5)?
9
What is the units digit of 18/(-42) + (-165790)/(-70)?
8
Let v(z) = -3*z**3 + 10*z**2 + 4*z + 9. Let q be v(5). Let l = q + 142. What is the units digit of l?
6
Suppose -4*h - 5*x - 1 + 3 = 0, -4*h - 2*x - 4 = 0. Let y(f) = -25*f**3 - f**2 - 6*f + 2. What is the tens digit of y(h)?
1
Let l(p) = -132*p**3 - p + 1. Let m be l(1). What is the tens digit of 1*(-2 - m - (1 - -2))?
2
Let z(r) = 3*r - 13. Let o be z(6). Suppose o*p - 54 = 31. What is the tens digit of p?
1
Let q = 1988 + -1317. What is the units digit of q?
1
Let w be ((-66)/9)/((-4)/(-6)). Let v = -3 - w. What is the units digit of ((-18)/(-4))/(1/v)?
6
Let j be (-4)/(8/(-58)) + -2. Let y be ((-5)/(-15))/(3/j). Suppose 5*q - y*d - 20 = 0, -41 = -4*q + d - 18. What is the units digit of q?
7
Suppose -11*r - 2*w + 7869 = -6*r, 2*r = 5*w + 3165. What is the hundreds digit of r?
5
Let h(x) = -x**3 + 5*x**2 - 2*x - 6. Let w be h(4). Suppose w*d = 3*l + 98, -2*l = -d - 11 + 59. What is the units digit of d?
2
Let i be 7/(-14)*(-1 + 1). Let s be (-2 - -2 - i)/(-2). Suppose -2*z + 9 + 17 = s. What is the units digit of z?
3
Let c(s) = 2*s**2 - 8*s + 58. What is the units digit of c(-12)?
2
Let s(w) be the first derivative of 22*w**3 + w**2 + 11. What is the units digit of s(-1)?
4
Let p(g) be the third derivative of g**6/40 + g**5/60 - g**4/24 - g**3/2 + 14*g**2. What is the units digit of p(2)?
3
Let l(b) = 10*b. Let y be (-7)/(-14)*(-2)/1. Let u be l(y). What is the units digit of ((-16)/u)/((-8)/(-60))?
2
Suppose 2*f - 243 = 197. Suppose -18*w = -19*w + f. What is the units digit of (-1 - -4) + w/5?
7
Let x = -14 - -24. Let f = -5 + x. Suppose -3*z + f*j = -2*z - 6, -j = 2*z - 23. What is the tens digit of z?
1
Let m be ((-25)/1 - 2) + 2. Let w = 14 + m. Let d = w + 19. What is the units digit of d?
8
Suppose 5*d - 7755 = -5*j, -158*j = -159*j + 3. What is the thousands digit of d?
1
Let i(y) = -y**3 - 9*y**2 + 21. Let b = -134 - -123. What is the tens digit of i(b)?
6
Let n = 11 - 9. Suppose 2*y - 4*l - 166 = 0, y - 3*l + 63 = n*y. What is the tens digit of y?
7
Let a = -28 - 71. Let q = a - -139. What is the tens digit of q?
4
Let w(a) = -a**2 - 8*a + 9. Let v be w(1). Suppose u - 4*z - 5 = 0, 0 = u - 4*z - z - 6. Suppose -2*q + u + 3 = v. What is the units digit of q?
2
Suppose -5*a - 57 - 104 = -4*h, -2*a - 214 = -5*h. What is the tens digit of h?
4
Let y be -2*2/((-4)/7). Let n be (-105)/10*(-12)/y. Let x = n - 9. What is the units digit of x?
9
Let g = -11 + 23. Suppose -2*j - j + 3*b = -g, 0 = 3*b + 6. Suppose j*n - 24 = -n. What is the units digit of n?
8
Suppose 0 = -2*q + 3*r + 18, -q - 4*r - r - 17 = 0. Suppose -1 = -q*w + 59. Let y = 14 + w. What is the tens digit of y?
3
Let k(g) = 24*g**2 - 19*g - 47. What is the thousands digit of k(8)?
1
Let p be 3 - (-4 + -234 + -1). Let c = 534 - p. Suppose 7*n - 11*n + c = 0. What is the units digit of n?
3
Let y be (-114)/4*3/(18/20). Let i = y + 158. What is the tens digit of i?
6
What is the hundreds digit of 1*(1626 - -4)*(-15)/(-10)?
4
Let r(i) = -44*i - 2. Let u = 21 + -22. What is the units digit of r(u)?
2
Let p be (48/36)/(4/6). Suppose k + 3*u = -0*k - 4, 0 = -2*k + p*u + 8. Suppose k*z - 2 = -0. What is the units digit of z?
1
Let c be -8 + (8/4 - 0). Let v be 3/c*-1*10. Suppose -9 = -v*l + 81. What is the units digit of l?
8
Suppose 2*a = -3*a - 10. What is the tens digit of a + 11 + 4 + 0?
1
Let b(t) = -7*t + 23. What is the tens digit of b(-4)?
5
Let t = -8 - -8. Let l be 3 - (4 + (2 - t)). What is the units digit of (-4 - (2 + l))*-15?
5
Suppose 0*y + 4*n = y - 84, -3*n + 168 = 2*y. Let x = y + -9. What is the units digit of x?
5
What is the units digit of (-68157)/(-45) - 32/20?
3
Let v(r) = r + 19. Let a be v(-9). Suppose -12*k = -7*k - a. Suppose 5*d = -20, 7*m - 4*d = k*m + 236. What is the units digit of m?
4
Let n = 19 - 17. Suppose -592 = -5*b + n*b + 5*q, -3*q + 600 = 3*b. What is the tens digit of b?
9
Let g be 26/4 - (-4)/8 - -1. Suppose g*t = 3*t + 105. What is the units digit of t?
1
Let q be (5/(-20))/((-1)/36). Suppose -v + 120 + q = o, -2*v - 4*o + 266 = 0. What is the units digit of v?
5
Let g = -4 + 4. Suppose 4*b + 1 = 2*t + 11, 4*b - 4*t - 8 = g. Suppose b*d = -4*d + 497. What is the tens digit of d?
7
Let s be -1 - -6 - 5/(10/8). What is the units digit of 9/(-3) + (s - -55)?
3
Let c = 102 - -434. What is the hundreds digit of c?
5
Let u be 22*2/(16/4). Suppose -u*t = -15*t + 460. What is the hundreds digit of t?
1
Let f = 124 + -111. Suppose -14*a + f*a = -220. What is the units digit of a?
0
Let a = 71 + -136. Let u = 283 + -298. Let j = u - a. What is the units digit of j?
0
Let c(q) = q**3 + 8*q**2 + 69. What is the tens digit of c(7)?
0
Let g be (-3)/6 - (-22)/4. Suppose -j - 27 + 8 = -4*r, -g*r + 26 = -2*j. Suppose 11 + 44 = 3*k + z, r*z + 100 = 4*k. What is the tens digit of k?
2
Let u = 573 + 907. What is the hundreds digit of u?
4
Suppose -2*p = 2*p + 20, -5 = 5*h + 3*p. Let s(x) = -x**3 - 13*x**2 - 10*x + 27. Let r be s(-12). Suppose c = h*c - r. What is the units digit of c?
3
Suppose -2*z - 12*g + 2619 = -11*g, -3*g = -3. What is the hundreds digit of z?
3
What is the units digit of 68/10*(81 - -19)?
0
Let n(h) = -h - 3. Let l be n(0). Let v(c) = c**2 - 10*c - 4. Let b be v(10). What is the tens digit of b/(-12) - 98/l?
3
Suppose 2*q + 5 = -3, -3*q = 2*x - 3234. What is the tens digit of x?
2
Let b(m) = 13*m - 7. Let r be b(3). Let s = 0 - -2. Suppose -w + 10 = -o - s, -2*w + 4*o = -r. What is the units digit of w?
8
Suppose 3*w + 2*k - 44 = w, -4*k = 0. What is the tens digit of (-627)/w*(-4)/3?
3
Let l(o) = -451*o - 72. What is the thousands digit of l(-5)?
2
Let b = -16 + 34. Let r be b/12 + 634/4. Suppose -3*d - d + r = 5*o, -3*o + 64 = -4*d. What is the tens digit of o?
2
Suppose -y = -6*y - 15. Let w be (-314)/y - 5/(-15). Suppose -21 + w = 6*o. What is the tens digit of o?
1
What is the thousands digit of 309688/264 - (-28)/(-462)?
1
Suppose 0 = -3*c - a + 275, -5 = -3*a + 2*a. What is the units digit of c?
0
Let t(f) = f**2 + 11*f + 13. Let b be t(-10). Suppose d + 4 = -x, 2*x = -4*d + b*x + 4. Suppose d = -10*q + 6*q + 64. What is the units digit of q?
6
Let t(u) = 207*u**3 - 9*u + 15 + 0*u**2 + 10*u**2 - 208*u**3. What is the units digit of t(7)?
9
Let v(x) = -10*x + 52. What is the tens digit of v(-7)?
2
Let k(l) = 8*l**2 + l + 3. Suppose 0 = -5*h + 2*f + 3*f - 30, 3*f - 22 = 5*h. What is the units digit of k(h)?
3
Suppose -3*t = -o - 2902, 4*t + 3*o = 1701 + 2151. What is the hundreds digit of t?
9
Suppose -5*w + 1626 = -5*h + 326, 4*w = -h + 1060. What is the units digit of w?
4
Let d(c) = c**3 - 14*c**2 - 20*c + 25. What is the tens digit of d(16)?
1
Suppose 7*w - 14505 + 792 = 0. What is the thousands digit of w?
1
Let k be (-4)/2 + (96 - 5). Suppose 4*m - k = 351. What is the units digit of m?
0
What is the tens digit of (-410)/(-3) - 138/207?
3
Let o(d) = d**2 - 15*d + 25. Let s be o(13). What is the units digit of -43*(-12)/24*(5 - s)?
9
Let x be (13 + -9)/(3 - 1). Let t(u) = 0*u - 17 - 18*u + u**2 - 2*u**x. What is the units digit of t(-15)?
8
What is the tens digit of (18/(-54))/((-1)/510)?
7
Let n(m) = -m**2. Suppose 4*d + 9 + 16 = -5*j, 0 = 5*j - 5*d - 20. Let g(s) = -68*s**2 + 2*s. Let w(c) = j*g(c) + 5*n(c). What is the tens digit of w(1)?
6
Suppose 394*k = 393*k + 4504. What is the thousands digit of k?
4
Let l be (27 - 57)*(2/6 - 1). Suppose -2*j = -o + 123, 2*j = -3*j + l. What is the tens digit of o?
3
Let f